e highest common factor of 341 and d?
11
Let r(z) = -4*z**2 + 9*z**2 + 5 + 0 - 2. Let a be r(3). Calculate the greatest common divisor of a and 12.
12
Let r(g) = -2*g - 8. Let b be r(-7). Suppose -37 = -3*f + 5*p, 4*p - 8 - 24 = -2*f. Suppose f = h - b. What is the greatest common factor of h and 4?
4
Let i be 12/15 + 6580/25. Calculate the highest common divisor of i and 24.
24
Let w(h) = -h**3 + 15*h**2 + 6. Let k be w(15). Suppose 0 = -j + k*j - 50. Calculate the greatest common divisor of 4 and j.
2
Suppose 11*k - 16*k + 15 = 0. Suppose 2*r + 12 = -r, -k*b - 3*r + 51 = 0. What is the greatest common divisor of b and 14?
7
Suppose 0 = 3*t - 3, 5*v + 27 - 214 = 3*t. What is the highest common divisor of 418 and v?
38
Suppose 104*z + 12 = 106*z. Calculate the greatest common divisor of z and 504.
6
Suppose -41*t + 31*t = -2790. What is the highest common divisor of 9 and t?
9
Let j be 402/30 + -8 + (-3)/(-5). What is the highest common factor of 42 and j?
6
Let s = -3 - -8. Let y = 59 + -56. Suppose -y*j - 4*b = 1, -3*j + 13 = 2*j + 3*b. Calculate the highest common factor of s and j.
5
Suppose 5*l = 12 + 13. Suppose 26 + 49 = l*w. Let a be 50/w*(3 - 0). What is the greatest common factor of 30 and a?
10
Let d = 436 + -113. Calculate the highest common divisor of 38 and d.
19
Let p be (0 - 72/(-10))/((-188)/(-11750)). Calculate the greatest common factor of p and 36.
18
Let w = 123 + -110. Calculate the highest common factor of w and 1.
1
Let w(a) be the first derivative of -2 - 1/2*a**2 + 0*a + 7/3*a**3. Let u be w(-3). Calculate the greatest common divisor of u and 6.
6
Let q be (-9)/15 + 113082/470. What is the greatest common divisor of q and 1360?
80
Let b(i) = 5*i**2 + 11*i + 8. Let c be b(-7). Let d be 1*(8 - (-3 + -5)). What is the greatest common divisor of c and d?
16
Let r(m) = 3*m**2 - 2*m + 4. Suppose 0 = 2*t - 0*t - 8. Let j be r(t). Let u be j*(-1 - 30/(-8)). What is the highest common factor of u and 11?
11
Let y(c) = 5*c**2 - 168*c + 111. Let j be y(33). Suppose 0 = -7*s + 3*s + 8. What is the greatest common factor of s and j?
2
Let r be (-4560)/(-72) + (-2)/(-3). What is the highest common factor of 8 and r?
8
Let a(b) = -53*b - 37. Let i be a(-9). What is the greatest common divisor of 40 and i?
40
Let f = 902 - 531. What is the highest common divisor of 477 and f?
53
Suppose 287 = 3*w - 4*o - 218, 0 = 5*o + 5. Let p = 322 - w. Suppose -4*l + p + 1 = 0. Calculate the highest common factor of l and 26.
13
Let z(y) = 2*y**3 + 17*y**2 + 5*y. Let l be z(-8). Calculate the greatest common factor of l and 6.
6
Let h be 243/2*24*17/204. What is the highest common divisor of 432 and h?
27
Let z(r) = r**3 - 17*r**2 + 17*r - 14. Let g be z(16). Suppose -8 = g*x - 48. Calculate the greatest common divisor of 4 and x.
4
Let p = -364 - -637. Suppose -5*d + p = 23. Calculate the highest common divisor of d and 5.
5
Let t be ((-20)/6)/(4/(-6)). Suppose -9*k + 155 + 70 = 0. Calculate the highest common divisor of t and k.
5
Let k(t) = -t + 8. Let d be k(-5). Calculate the highest common factor of 52 and d.
13
Let l(j) = 4*j**2 + 14*j + 26. Let t be l(-2). Calculate the greatest common factor of t and 602.
14
Let d be (9 - 3)*1/4*2. Let p be (39/4)/(d/8). What is the greatest common factor of 130 and p?
26
Suppose 4*o - 8 + 4 = 0, 4*c = 3*o + 129. Calculate the highest common divisor of c and 22.
11
Suppose -11*a - 32 = -15*a. Let i(v) = v**3 - 7*v**2 + v + 8. Let b be i(a). Calculate the greatest common factor of b and 32.
16
Let d(a) be the third derivative of a**5/60 - 13*a**4/24 + 4*a**3/3 - 2*a**2 - 16. Let p be d(14). What is the greatest common factor of p and 44?
22
Let o = -65 + 37. Let p = 37 + o. What is the greatest common factor of 63 and p?
9
Let t be 4*4*((-57)/(-6) - -6). What is the highest common divisor of 527 and t?
31
Suppose 4*i - 14 = 2. Suppose 2*s - 2*y - 33 = y, -4*s + 116 = i*y. Calculate the highest common factor of 8 and s.
8
Suppose -4*j - 4*p + 28 = 0, -53*j + 5*p = -57*j + 23. What is the highest common divisor of j and 1452?
12
Let r(z) = z**3 + 8*z**2 - 12*z - 7. Let p be r(-9). Calculate the highest common divisor of 20 and p.
20
Suppose -5*m + 3*m = -112. Suppose 3*g + 8 = m. What is the greatest common factor of 4 and g?
4
Let v be 2/(-21)*3 + 3196/14. Suppose n = 5*p - v, 5*p - 5*n - 248 = -8. What is the highest common factor of 5 and p?
5
Let p be 17966/234 + (-2)/(-9). Calculate the highest common factor of p and 126.
7
Suppose 0 = -a - 4*b + 9*b - 1, 3*b + 5 = 2*a. Let w be a/16*10*28/2. What is the greatest common factor of 14 and w?
7
Let w be (-15)/3 + 7 - -34. What is the greatest common factor of w and 306?
18
Let d = -1468 - -2182. What is the highest common divisor of d and 34?
34
Suppose -r = -3*u - 2*r + 17, -5*u - 5 = -5*r. Suppose -16 = -u*n, 8*z - 5*n - 37 = 5*z. What is the highest common factor of z and 133?
19
Suppose -5*p + 377 = 4*y - 6*y, -5*y = -4*p + 305. Calculate the highest common divisor of p and 200.
25
Let t = 172 + -49. Let p = 187 - t. Suppose 0 = -z + o + 6, -6*o = -o - 10. What is the highest common factor of p and z?
8
Suppose -52 = -0*w - 2*w. Let l = -6 + w. Calculate the highest common factor of 5 and l.
5
Let n be (12/(-3) - -4) + 25. Let c = 208 - 108. Calculate the greatest common factor of c and n.
25
Let b(s) = s + 5. Let l be b(-3). Let n be 20*(3/l - 1). Calculate the greatest common factor of 80 and n.
10
Let a be (-8)/12*3*-1. Suppose x - 10 = g - a, 0 = g + 3*x - 4. Let i = -1 - g. What is the highest common factor of 44 and i?
4
Suppose 4*f = -2*w + 7*w + 135, f + 3*w = 21. What is the greatest common factor of f and 6360?
30
Suppose 293 = -4*h + 1037. What is the greatest common divisor of h and 24?
6
Let i(l) = l. Let d = 14 + -9. Let w be i(d). Suppose -c + 13 = 3*m - 10, -w*m + 20 = 0. Calculate the greatest common divisor of 121 and c.
11
Suppose 16 + 0 = -4*p. Let q be (1 - 15/5)*p. Suppose 381 = 2*h + 3*h - 2*t, 0 = 4*t - q. What is the highest common divisor of h and 11?
11
Let n(h) = h**3 - 7*h**2 + 9*h - 8. Let r be n(6). Suppose -4*b + r*b = 240. Calculate the highest common divisor of b and 5.
5
Suppose -m - 10*m = -99. Calculate the highest common divisor of 2043 and m.
9
Suppose -126 = -26*u + 8*u. Let c be 4/u + (-4356)/(-21). What is the highest common divisor of c and 16?
16
Let n = 404 - 206. What is the greatest common divisor of n and 484?
22
Let r(c) = -c - 3. Let n be r(-4). Let p = n + 2. Suppose -2*o + 3*o = -3*i + 1, -p*o = 2*i - 24. What is the greatest common factor of o and 10?
10
Let r be (3/6)/((-1)/(-8)). Suppose -165 = -r*p + p. Calculate the greatest common factor of p and 22.
11
Let v = 274 + -243. What is the highest common factor of v and 62?
31
Suppose 6*d - 3*g - 93 = 0, 5*d - 3*g = 108 - 30. Suppose 2*l = -5*n + 54, -5*n + 47 = 4*l - 11. Calculate the greatest common divisor of n and d.
5
Let n = 35 - -6. Let y = n - 10. Suppose 155 = 5*p - 0*p. Calculate the highest common divisor of y and p.
31
Let g(v) = -v + 10. Let k be g(-4). Let q be (k - (1 - 5)) + 3. What is the greatest common factor of 14 and q?
7
Suppose -33*g + 44*g - 33 = 0. Calculate the highest common divisor of g and 777.
3
Suppose -z = -l + 35, 0 = -5*l + 26*z - 22*z + 174. Calculate the greatest common divisor of 935 and l.
17
Let i(v) = 8 + 3*v - v**2 - v**3 + 4*v - 1. Let n be i(-3). Calculate the highest common factor of 4 and n.
4
Suppose o + 3*w + 0 - 5 = 0, -w - 25 = -5*o. Suppose -3*b + 3*c = -28 - 35, 111 = o*b + c. Calculate the greatest common factor of b and 2.
2
Suppose 1147*y - 1151*y = -600. What is the highest common factor of y and 240?
30
Let n = -356 - -722. Calculate the greatest common divisor of n and 6.
6
Suppose 25*k - 404 = 446. Calculate the greatest common factor of k and 119.
17
Let g be 112/(-35)*(-24 - 1). Let l = -8 - -10. Let m(z) = 14*z + 4. Let n be m(l). What is the highest common factor of n and g?
16
Let m(u) = 9*u**3 - 3*u**2. Let w be m(2). What is the greatest common divisor of 140 and w?
20
Suppose 5*d + 18 + 47 = 4*z, 3*z - 5*d - 50 = 0. Let f = -6 + z. What is the highest common divisor of 3 and f?
3
Suppose 0 = -6*t + 13*t - 714. What is the greatest common divisor of t and 85?
17
Let j be (-488)/(-2